{"version":"1.0","provider_name":"RADIO GUARANY","provider_url":"https:\/\/radioguarany.com.ar","title":"El Chaque\u00f1o Palavecino en la Fiesta de los Cerveceros - RADIO GUARANY","type":"rich","width":600,"height":338,"html":"<blockquote class=\"wp-embedded-content\" data-secret=\"bprydGzFl3\"><a href=\"https:\/\/radioguarany.com.ar\/el-chaqueno-palavecino-en-la-fiesta-de-los-cerveceros\/\">El Chaque\u00f1o Palavecino en la Fiesta de los Cerveceros<\/a><\/blockquote><iframe sandbox=\"allow-scripts\" security=\"restricted\" src=\"https:\/\/radioguarany.com.ar\/el-chaqueno-palavecino-en-la-fiesta-de-los-cerveceros\/embed\/#?secret=bprydGzFl3\" width=\"600\" height=\"338\" title=\"&#8220;El Chaque\u00f1o Palavecino en la Fiesta de los Cerveceros&#8221; &#8212; RADIO GUARANY\" data-secret=\"bprydGzFl3\" frameborder=\"0\" marginwidth=\"0\" marginheight=\"0\" scrolling=\"no\" class=\"wp-embedded-content\"><\/iframe><script type=\"text\/javascript\">\n\/* <![CDATA[ *\/\n\/*! This file is auto-generated *\/\n!function(d,l){\"use strict\";l.querySelector&&d.addEventListener&&\"undefined\"!=typeof URL&&(d.wp=d.wp||{},d.wp.receiveEmbedMessage||(d.wp.receiveEmbedMessage=function(e){var t=e.data;if((t||t.secret||t.message||t.value)&&!\/[^a-zA-Z0-9]\/.test(t.secret)){for(var s,r,n,a=l.querySelectorAll('iframe[data-secret=\"'+t.secret+'\"]'),o=l.querySelectorAll('blockquote[data-secret=\"'+t.secret+'\"]'),c=new RegExp(\"^https?:$\",\"i\"),i=0;i<o.length;i++)o[i].style.display=\"none\";for(i=0;i<a.length;i++)s=a[i],e.source===s.contentWindow&&(s.removeAttribute(\"style\"),\"height\"===t.message?(1e3<(r=parseInt(t.value,10))?r=1e3:~~r<200&&(r=200),s.height=r):\"link\"===t.message&&(r=new URL(s.getAttribute(\"src\")),n=new URL(t.value),c.test(n.protocol))&&n.host===r.host&&l.activeElement===s&&(d.top.location.href=t.value))}},d.addEventListener(\"message\",d.wp.receiveEmbedMessage,!1),l.addEventListener(\"DOMContentLoaded\",function(){for(var e,t,s=l.querySelectorAll(\"iframe.wp-embedded-content\"),r=0;r<s.length;r++)(t=(e=s[r]).getAttribute(\"data-secret\"))||(t=Math.random().toString(36).substring(2,12),e.src+=\"#?secret=\"+t,e.setAttribute(\"data-secret\",t)),e.contentWindow.postMessage({message:\"ready\",secret:t},\"*\")},!1)))}(window,document);\n\/\/# sourceURL=https:\/\/radioguarany.com.ar\/%77%70%2d%69%6e%63%6c%75%64%65%73\/js\/wp-embed.min.js\n\/* ]]> *\/\n<\/script>\n","thumbnail_url":"https:\/\/radioguarany.com.ar\/%77%70%2d%63%6f%6e%74%65%6e%74\/uploads\/2023\/11\/Screenshot_20231106-104204-950.webp","thumbnail_width":809,"thumbnail_height":409,"description":"El 8 de Diciembre se realizar\u00e1 la Primera Fiesta de los Cerveceros, se dar\u00e1 en el Predio SITECICSA, en la calle KENNEDY 86 de Luj\u00e1n. De la grilla formaran parte Emerger, Cosas Raras Covers, Daniel Lezica, Los Manseros Santiague\u00f1os de Leocasio Torres, y el cierre de Oscar Chaque\u00f1o Palevecino. Esta..."}

El Chaqueño Palavecino en la Fiesta de los Cerveceros - RADIO GUARANY

<blockquote class="wp-embedded-content" data-secret="bprydGzFl3"><a href="https://radioguarany.com.ar/el-chaqueno-palavecino-en-la-fiesta-de-los-cerveceros/">El Chaqueño Palavecino en la Fiesta de los Cerveceros</a></blockquote><iframe sandbox="allow-scripts" security="restricted" src="https://radioguarany.com.ar/el-chaqueno-palavecino-en-la-fiesta-de-los-cerveceros/embed/#?secret=bprydGzFl3" width="600" height="338" title="&#8220;El Chaqueño Palavecino en la Fiesta de los Cerveceros&#8221; &#8212; RADIO GUARANY" data-secret="bprydGzFl3" frameborder="0" marginwidth="0" marginheight="0" scrolling="no" class="wp-embedded-content"></iframe><script type="text/javascript">
/* <![CDATA[ */
/*! This file is auto-generated */
!function(d,l){"use strict";l.querySelector&&d.addEventListener&&"undefined"!=typeof URL&&(d.wp=d.wp||{},d.wp.receiveEmbedMessage||(d.wp.receiveEmbedMessage=function(e){var t=e.data;if((t||t.secret||t.message||t.value)&&!/[^a-zA-Z0-9]/.test(t.secret)){for(var s,r,n,a=l.querySelectorAll('iframe[data-secret="'+t.secret+'"]'),o=l.querySelectorAll('blockquote[data-secret="'+t.secret+'"]'),c=new RegExp("^https?:$","i"),i=0;i<o.length;i++)o[i].style.display="none";for(i=0;i<a.length;i++)s=a[i],e.source===s.contentWindow&&(s.removeAttribute("style"),"height"===t.message?(1e3<(r=parseInt(t.value,10))?r=1e3:~~r<200&&(r=200),s.height=r):"link"===t.message&&(r=new URL(s.getAttribute("src")),n=new URL(t.value),c.test(n.protocol))&&n.host===r.host&&l.activeElement===s&&(d.top.location.href=t.value))}},d.addEventListener("message",d.wp.receiveEmbedMessage,!1),l.addEventListener("DOMContentLoaded",function(){for(var e,t,s=l.querySelectorAll("iframe.wp-embedded-content"),r=0;r<s.length;r++)(t=(e=s[r]).getAttribute("data-secret"))||(t=Math.random().toString(36).substring(2,12),e.src+="#?secret="+t,e.setAttribute("data-secret",t)),e.contentWindow.postMessage({message:"ready",secret:t},"*")},!1)))}(window,document);
//# sourceURL=https://radioguarany.com.ar/%77%70%2d%69%6e%63%6c%75%64%65%73/js/wp-embed.min.js
/* ]]> */
</script>

El 8 de Diciembre se realizará la Primera Fiesta de los Cerveceros, se dará en el Predio SITECICSA, en la calle KENNEDY 86 de Luján. De la grilla formaran parte Emerger, Cosas Raras Covers, Daniel Lezica, Los Manseros Santiagueños de Leocasio Torres, y el cierre de Oscar Chaqueño Palevecino. Esta...
