{"version":"1.0","provider_name":"RADIO GUARANY","provider_url":"https:\/\/radioguarany.com.ar","title":"Carreras anunci\u00f3 la apertura de la Tecnicatura en Gastronom\u00eda - RADIO GUARANY","type":"rich","width":600,"height":338,"html":"<blockquote class=\"wp-embedded-content\" data-secret=\"vf9G4wKUpR\"><a href=\"https:\/\/radioguarany.com.ar\/carreras-anuncio-la-apertura-de-la-tecnicatura-en-gastronomia\/\">Carreras anunci\u00f3 la apertura de la Tecnicatura en Gastronom\u00eda<\/a><\/blockquote><iframe sandbox=\"allow-scripts\" security=\"restricted\" src=\"https:\/\/radioguarany.com.ar\/carreras-anuncio-la-apertura-de-la-tecnicatura-en-gastronomia\/embed\/#?secret=vf9G4wKUpR\" width=\"600\" height=\"338\" title=\"&#8220;Carreras anunci\u00f3 la apertura de la Tecnicatura en Gastronom\u00eda&#8221; &#8212; RADIO GUARANY\" data-secret=\"vf9G4wKUpR\" frameborder=\"0\" marginwidth=\"0\" marginheight=\"0\" scrolling=\"no\" class=\"wp-embedded-content\"><\/iframe><script type=\"text\/javascript\">\n\/* <![CDATA[ *\/\n\/*! This file is auto-generated *\/\n!function(d,l){\"use strict\";l.querySelector&&d.addEventListener&&\"undefined\"!=typeof URL&&(d.wp=d.wp||{},d.wp.receiveEmbedMessage||(d.wp.receiveEmbedMessage=function(e){var t=e.data;if((t||t.secret||t.message||t.value)&&!\/[^a-zA-Z0-9]\/.test(t.secret)){for(var s,r,n,a=l.querySelectorAll('iframe[data-secret=\"'+t.secret+'\"]'),o=l.querySelectorAll('blockquote[data-secret=\"'+t.secret+'\"]'),c=new RegExp(\"^https?:$\",\"i\"),i=0;i<o.length;i++)o[i].style.display=\"none\";for(i=0;i<a.length;i++)s=a[i],e.source===s.contentWindow&&(s.removeAttribute(\"style\"),\"height\"===t.message?(1e3<(r=parseInt(t.value,10))?r=1e3:~~r<200&&(r=200),s.height=r):\"link\"===t.message&&(r=new URL(s.getAttribute(\"src\")),n=new URL(t.value),c.test(n.protocol))&&n.host===r.host&&l.activeElement===s&&(d.top.location.href=t.value))}},d.addEventListener(\"message\",d.wp.receiveEmbedMessage,!1),l.addEventListener(\"DOMContentLoaded\",function(){for(var e,t,s=l.querySelectorAll(\"iframe.wp-embedded-content\"),r=0;r<s.length;r++)(t=(e=s[r]).getAttribute(\"data-secret\"))||(t=Math.random().toString(36).substring(2,12),e.src+=\"#?secret=\"+t,e.setAttribute(\"data-secret\",t)),e.contentWindow.postMessage({message:\"ready\",secret:t},\"*\")},!1)))}(window,document);\n\/\/# sourceURL=https:\/\/radioguarany.com.ar\/%77%70%2d%69%6e%63%6c%75%64%65%73\/js\/wp-embed.min.js\n\/* ]]> *\/\n<\/script>\n","thumbnail_url":"https:\/\/radioguarany.com.ar\/%77%70%2d%63%6f%6e%74%65%6e%74\/uploads\/2022\/12\/carreras-sao.webp","thumbnail_width":770,"thumbnail_height":435,"description":"&#8220;Queremos profesionales para que accedan a los puestos de trabajo que ofrece la actividad tur\u00edstica y que permitir\u00e1 mejorar el servicio, estamos muy felices con este anuncio&#8221;, expres\u00f3 la gobernadora. Ser\u00e1 en San Antonio Oeste. &nbsp; En el marco de la entrega de certificados a 116 participantes de los cursos..."}

Carreras anunció la apertura de la Tecnicatura en Gastronomía - RADIO GUARANY

<blockquote class="wp-embedded-content" data-secret="vf9G4wKUpR"><a href="https://radioguarany.com.ar/carreras-anuncio-la-apertura-de-la-tecnicatura-en-gastronomia/">Carreras anunció la apertura de la Tecnicatura en Gastronomía</a></blockquote><iframe sandbox="allow-scripts" security="restricted" src="https://radioguarany.com.ar/carreras-anuncio-la-apertura-de-la-tecnicatura-en-gastronomia/embed/#?secret=vf9G4wKUpR" width="600" height="338" title="&#8220;Carreras anunció la apertura de la Tecnicatura en Gastronomía&#8221; &#8212; RADIO GUARANY" data-secret="vf9G4wKUpR" frameborder="0" marginwidth="0" marginheight="0" scrolling="no" class="wp-embedded-content"></iframe><script type="text/javascript">
/* <![CDATA[ */
/*! This file is auto-generated */
!function(d,l){"use strict";l.querySelector&&d.addEventListener&&"undefined"!=typeof URL&&(d.wp=d.wp||{},d.wp.receiveEmbedMessage||(d.wp.receiveEmbedMessage=function(e){var t=e.data;if((t||t.secret||t.message||t.value)&&!/[^a-zA-Z0-9]/.test(t.secret)){for(var s,r,n,a=l.querySelectorAll('iframe[data-secret="'+t.secret+'"]'),o=l.querySelectorAll('blockquote[data-secret="'+t.secret+'"]'),c=new RegExp("^https?:$","i"),i=0;i<o.length;i++)o[i].style.display="none";for(i=0;i<a.length;i++)s=a[i],e.source===s.contentWindow&&(s.removeAttribute("style"),"height"===t.message?(1e3<(r=parseInt(t.value,10))?r=1e3:~~r<200&&(r=200),s.height=r):"link"===t.message&&(r=new URL(s.getAttribute("src")),n=new URL(t.value),c.test(n.protocol))&&n.host===r.host&&l.activeElement===s&&(d.top.location.href=t.value))}},d.addEventListener("message",d.wp.receiveEmbedMessage,!1),l.addEventListener("DOMContentLoaded",function(){for(var e,t,s=l.querySelectorAll("iframe.wp-embedded-content"),r=0;r<s.length;r++)(t=(e=s[r]).getAttribute("data-secret"))||(t=Math.random().toString(36).substring(2,12),e.src+="#?secret="+t,e.setAttribute("data-secret",t)),e.contentWindow.postMessage({message:"ready",secret:t},"*")},!1)))}(window,document);
//# sourceURL=https://radioguarany.com.ar/%77%70%2d%69%6e%63%6c%75%64%65%73/js/wp-embed.min.js
/* ]]> */
</script>

&#8220;Queremos profesionales para que accedan a los puestos de trabajo que ofrece la actividad turística y que permitirá mejorar el servicio, estamos muy felices con este anuncio&#8221;, expresó la gobernadora. Será en San Antonio Oeste. &nbsp; En el marco de la entrega de certificados a 116 participantes de los cursos...
